

{"id":4946,"date":"2019-10-17T14:34:21","date_gmt":"2019-10-17T13:34:21","guid":{"rendered":"https:\/\/www.viadanse.com\/?page_id=4946"},"modified":"2020-11-13T09:56:55","modified_gmt":"2020-11-13T08:56:55","slug":"calendrier","status":"publish","type":"page","link":"https:\/\/www.viadanse.com\/en\/calendrier\/","title":{"rendered":"Calendar"},"content":{"rendered":"<div class=\"wpb-content-wrapper\"><p>[vc_row][vc_column width=&#8221;1\/3&#8243;][vc_column_text]<\/p>\n<h1><strong>AKZAK<\/strong><\/h1>\n<p><strong>SEPTEMBER<\/strong><\/p>\n<p>&gt; 26.09.2020 CCM Jean Moulin, Limoges, FR \/ Les Z\u00e9brures d\u2019Automne \u2013 Les Francophonies, Des \u00e9critures \u00e0 la sc\u00e8ne<\/p>\n<p>&nbsp;<\/p>\n<p><strong>OCTOBER<\/strong><\/p>\n<p>&gt; 02.10.2020 Th\u00e9\u00e2tre Jean Vilar, Vitry-sur-Seine, FR<\/p>\n<p>&gt; 08.10.2020 DSN, sc\u00e8ne nationale de Dieppe, FR<\/p>\n<p>&gt; 13.10.2020 Cadran, Le Tangram &#8211; sc\u00e8ne nationale Evreux Louviers, FR<\/p>\n<p>&gt; 16-17.10.2020<span class=\"Apple-converted-space\">\u00a0 <\/span>Tropiques Atrium, sc\u00e8ne nationale de Martinique, FR<\/p>\n<p>&nbsp;<\/p>\n<p><strong>NOVEMBER<\/strong><\/p>\n<p>&gt; 08.11.2020<span class=\"Apple-converted-space\">\u00a0 <\/span>Nebia, Bienne, SUISSE &#8211; postponed<\/p>\n<p>&gt; 17.11.2020\u00a0 Commanderie de Dole, sc\u00e8ne nationale du Jura, FR &#8211; Postponed<\/p>\n<p>&nbsp;<\/p>\n<p><strong>DECEMBER<\/strong><\/p>\n<p>&gt; 12.12.2020\u00a0 Institut fran\u00e7ais de Ouagadougou \/ Festival Dialogues de Corps \u2013 CDC La Termiti\u00e8re, BURKINA FASO<\/p>\n<p>&gt; 15.12.2020<span class=\"Apple-converted-space\">\u00a0<\/span> Institut fran\u00e7ais de Bobo-Dioulasso, BURKINA FASO<\/p>\n<p>&nbsp;<\/p>\n<p><strong>JANUARY<\/strong><\/p>\n<p>&gt; 29-30.01.2021<span class=\"Apple-converted-space\">\u00a0 <\/span>Halle aux Grains, sc\u00e8ne nationale de Blois, FR[\/vc_column_text][\/vc_column][vc_column width=&#8221;1\/3&#8243;][vc_column_text]<strong>FEBRUARY<\/strong><\/p>\n<p>&gt; 04.02.2021<span class=\"Apple-converted-space\">\u00a0 <\/span>Le Th\u00e9\u00e2tre, sc\u00e8ne nationale de M\u00e2con, FR<\/p>\n<p>&gt; 10-11-12.02.2021<span class=\"Apple-converted-space\">\u00a0 <\/span>MAC de Cr\u00e9teil, sc\u00e8ne nationale, FR<\/p>\n<p>&gt; 16-17.02.2021 Maison de la Culture de Bourges, sc\u00e8ne nationale, FR<\/p>\n<p>&nbsp;<\/p>\n<p><strong>MARCH<\/strong><\/p>\n<p>&gt; 02-03.03.2021<span class=\"Apple-converted-space\">\u00a0\u00a0<\/span>GRRRANIT\u00a0\u00a0SN Belfort, FR<\/p>\n<p>&gt;08-09.03.2021 VIADANSE, FR<\/p>\n<p>&gt; 12.03.2021<span class=\"Apple-converted-space\">\u00a0 <\/span>Espace des Arts, sc\u00e8ne nationale de Chalon-sur-Sa\u00f4ne, FR<\/p>\n<p>&gt; 16.03.2021 : \u00c9PIDE, Belfort \u2013 FRANCE<\/p>\n<p>&nbsp;<\/p>\n<p><strong>APRIL<\/strong><\/p>\n<p>&gt; 01.04.2021 <span class=\"Apple-converted-space\">\u00a0 <\/span>Th\u00e9\u00e2tre Debussy, Maisons-Alfort \/ Biennale de danse du Val-de-Marne, FR<\/p>\n<p>&gt; 03.04.2021<span class=\"Apple-converted-space\">\u00a0 <\/span>Th\u00e9\u00e2tre Louis Aragon, Tremblay-en-France \/ Biennale de danse du Val-de-Marne, FR<\/p>\n<p>&gt; 06.04.2021 <span class=\"Apple-converted-space\">\u00a0 <\/span>Th\u00e9\u00e2tre couvert, Sc\u00e8ne nationale Ch\u00e2teauvallon Libert\u00e9, FR<\/p>\n<p>&gt; 09.04.2021<span class=\"Apple-converted-space\">\u00a0 <\/span>C\u00e8dre, Chen\u00f4ve \/Festival Artdanse \u2013 Le Dancing CDCN Dijon, FR<\/p>\n<p>&nbsp;<\/p>\n<p><strong>MAY<\/strong><\/p>\n<p>&gt; Tour Institut Fran\u00e7ais &#8211; Mohamed V Theatre, Rabat \u2013 MOROCCO<\/p>\n<p>&gt; Tour Institut Fran\u00e7ais &#8211; Studio des Arts Vivants, Casablanca \u2013 MOROCCO<\/p>\n<p>&gt; Dance Biennale in Africa, Marrakech \u2013 MOROCCO<\/p>\n<p>&nbsp;<\/p>\n<p><strong>MAY\u00a0&#8211; JUNE<\/strong><\/p>\n<p>&gt; May\/June 2021 : Falaki Theatre, Cairo \u2013 EGYPT<\/p>\n<p>&gt; May\/June 2021 : Library of Alexandria \u2013 EGYPT<\/p>\n<p>&gt; June 2021 : Journ\u00e9es chor\u00e9graphiques de Carthage \u2013 TUNISIA (TBC)[\/vc_column_text][\/vc_column][vc_column width=&#8221;1\/3&#8243;][vc_column_text]<\/p>\n<h1><strong>MANTA<\/strong><\/h1>\n<p>&gt; 03.12.2020 \u00a0<span style=\"text-decoration: underline;\"><a style=\"color: #000000; text-decoration: underline;\" href=\"https:\/\/www.scenes-vosges.com\/Programmation\/Danse\/MANTA-00392.html%20\" target=\"_blank\" rel=\"noopener\">Sc\u00e8nes Vosges,Epinal<\/a><\/span><\/p>\n<p>&gt; 09.06.2021 \u00a0Centre chor\u00e9graphique national de Tours<\/p>\n<p>&nbsp;<\/p>\n<h1><strong>EX-POSE(S)<\/strong><\/h1>\n<p class=\"Paragraphestandard\">&gt; 20.03. 2021\u00a0<b>\u00a0<\/b>Institut du monde arabe, Paris<\/p>\n<p class=\"Paragraphestandard\">&gt; 10.04.2021 \u00a0Ecole des Beaux-Arts de Dole<\/p>\n<p>&gt;\u00a016.05.2021\u00a0\u00a0FRAC de Franche-Comt\u00e9, Besan\u00e7on<\/p>\n<p>&nbsp;<\/p>\n<h1 class=\"Paragraphestandard\"><strong>SWING MUSEUM<\/strong><\/h1>\n<p class=\"Paragraphestandard\">&gt; 29.30.31.03.2021<b>\u00a0<\/b>\u00a0<a href=\"https:\/\/www.scenenationale.fr\/spectacle\/swing-museum%20\" target=\"_blank\" rel=\"noopener\">Sc\u00e8ne nationale de Bayonne<\/a><\/p>\n<p>[\/vc_column_text][\/vc_column][\/vc_row]<\/p>\n<\/div>","protected":false},"excerpt":{"rendered":"[vc_row][vc_column width=&#8221;1\/3&#8243;][vc_column_text] AKZAK SEPTEMBER &gt; 26.09.2020 CCM Jean Moulin, Limoges, FR \/ Les Z\u00e9brures d\u2019Automne \u2013 Les [&hellip;]","protected":false},"author":1,"featured_media":0,"parent":0,"menu_order":0,"comment_status":"open","ping_status":"open","template":"","meta":{"_acf_changed":false,"footnotes":""},"categorie-page":[],"class_list":["post-4946","page","type-page","status-publish","hentry"],"acf":[],"_links":{"self":[{"href":"https:\/\/www.viadanse.com\/en\/wp-json\/wp\/v2\/pages\/4946","targetHints":{"allow":["GET"]}}],"collection":[{"href":"https:\/\/www.viadanse.com\/en\/wp-json\/wp\/v2\/pages"}],"about":[{"href":"https:\/\/www.viadanse.com\/en\/wp-json\/wp\/v2\/types\/page"}],"author":[{"embeddable":true,"href":"https:\/\/www.viadanse.com\/en\/wp-json\/wp\/v2\/users\/1"}],"replies":[{"embeddable":true,"href":"https:\/\/www.viadanse.com\/en\/wp-json\/wp\/v2\/comments?post=4946"}],"version-history":[{"count":11,"href":"https:\/\/www.viadanse.com\/en\/wp-json\/wp\/v2\/pages\/4946\/revisions"}],"predecessor-version":[{"id":5554,"href":"https:\/\/www.viadanse.com\/en\/wp-json\/wp\/v2\/pages\/4946\/revisions\/5554"}],"wp:attachment":[{"href":"https:\/\/www.viadanse.com\/en\/wp-json\/wp\/v2\/media?parent=4946"}],"wp:term":[{"taxonomy":"categorie-page","embeddable":true,"href":"https:\/\/www.viadanse.com\/en\/wp-json\/wp\/v2\/categorie-page?post=4946"}],"curies":[{"name":"wp","href":"https:\/\/api.w.org\/{rel}","templated":true}]}}

<div class="wpb-content-wrapper"><p>[vc_row][vc_column width=&#8221;1/3&#8243;][vc_column_text]</p>
<h1><strong>AKZAK</strong></h1>
<p><strong>SEPTEMBER</strong></p>
<p>&gt; 26.09.2020 CCM Jean Moulin, Limoges, FR / Les Zébrures d’Automne – Les Francophonies, Des écritures à la scène</p>
<p>&nbsp;</p>
<p><strong>OCTOBER</strong></p>
<p>&gt; 02.10.2020 Théâtre Jean Vilar, Vitry-sur-Seine, FR</p>
<p>&gt; 08.10.2020 DSN, scène nationale de Dieppe, FR</p>
<p>&gt; 13.10.2020 Cadran, Le Tangram &#8211; scène nationale Evreux Louviers, FR</p>
<p>&gt; 16-17.10.2020<span class="Apple-converted-space">  </span>Tropiques Atrium, scène nationale de Martinique, FR</p>
<p>&nbsp;</p>
<p><strong>NOVEMBER</strong></p>
<p>&gt; 08.11.2020<span class="Apple-converted-space">  </span>Nebia, Bienne, SUISSE &#8211; postponed</p>
<p>&gt; 17.11.2020  Commanderie de Dole, scène nationale du Jura, FR &#8211; Postponed</p>
<p>&nbsp;</p>
<p><strong>DECEMBER</strong></p>
<p>&gt; 12.12.2020  Institut français de Ouagadougou / Festival Dialogues de Corps – CDC La Termitière, BURKINA FASO</p>
<p>&gt; 15.12.2020<span class="Apple-converted-space"> </span> Institut français de Bobo-Dioulasso, BURKINA FASO</p>
<p>&nbsp;</p>
<p><strong>JANUARY</strong></p>
<p>&gt; 29-30.01.2021<span class="Apple-converted-space">  </span>Halle aux Grains, scène nationale de Blois, FR[/vc_column_text][/vc_column][vc_column width=&#8221;1/3&#8243;][vc_column_text]<strong>FEBRUARY</strong></p>
<p>&gt; 04.02.2021<span class="Apple-converted-space">  </span>Le Théâtre, scène nationale de Mâcon, FR</p>
<p>&gt; 10-11-12.02.2021<span class="Apple-converted-space">  </span>MAC de Créteil, scène nationale, FR</p>
<p>&gt; 16-17.02.2021 Maison de la Culture de Bourges, scène nationale, FR</p>
<p>&nbsp;</p>
<p><strong>MARCH</strong></p>
<p>&gt; 02-03.03.2021<span class="Apple-converted-space">  </span>GRRRANIT  SN Belfort, FR</p>
<p>&gt;08-09.03.2021 VIADANSE, FR</p>
<p>&gt; 12.03.2021<span class="Apple-converted-space">  </span>Espace des Arts, scène nationale de Chalon-sur-Saône, FR</p>
<p>&gt; 16.03.2021 : ÉPIDE, Belfort – FRANCE</p>
<p>&nbsp;</p>
<p><strong>APRIL</strong></p>
<p>&gt; 01.04.2021 <span class="Apple-converted-space">  </span>Théâtre Debussy, Maisons-Alfort / Biennale de danse du Val-de-Marne, FR</p>
<p>&gt; 03.04.2021<span class="Apple-converted-space">  </span>Théâtre Louis Aragon, Tremblay-en-France / Biennale de danse du Val-de-Marne, FR</p>
<p>&gt; 06.04.2021 <span class="Apple-converted-space">  </span>Théâtre couvert, Scène nationale Châteauvallon Liberté, FR</p>
<p>&gt; 09.04.2021<span class="Apple-converted-space">  </span>Cèdre, Chenôve /Festival Artdanse – Le Dancing CDCN Dijon, FR</p>
<p>&nbsp;</p>
<p><strong>MAY</strong></p>
<p>&gt; Tour Institut Français &#8211; Mohamed V Theatre, Rabat – MOROCCO</p>
<p>&gt; Tour Institut Français &#8211; Studio des Arts Vivants, Casablanca – MOROCCO</p>
<p>&gt; Dance Biennale in Africa, Marrakech – MOROCCO</p>
<p>&nbsp;</p>
<p><strong>MAY &#8211; JUNE</strong></p>
<p>&gt; May/June 2021 : Falaki Theatre, Cairo – EGYPT</p>
<p>&gt; May/June 2021 : Library of Alexandria – EGYPT</p>
<p>&gt; June 2021 : Journées chorégraphiques de Carthage – TUNISIA (TBC)[/vc_column_text][/vc_column][vc_column width=&#8221;1/3&#8243;][vc_column_text]</p>
<h1><strong>MANTA</strong></h1>
<p>&gt; 03.12.2020  <span style="text-decoration: underline;"><a style="color: #000000; text-decoration: underline;" href="https://www.scenes-vosges.com/Programmation/Danse/MANTA-00392.html%20" target="_blank" rel="noopener">Scènes Vosges,Epinal</a></span></p>
<p>&gt; 09.06.2021  Centre chorégraphique national de Tours</p>
<p>&nbsp;</p>
<h1><strong>EX-POSE(S)</strong></h1>
<p class="Paragraphestandard">&gt; 20.03. 2021 <b> </b>Institut du monde arabe, Paris</p>
<p class="Paragraphestandard">&gt; 10.04.2021  Ecole des Beaux-Arts de Dole</p>
<p>&gt; 16.05.2021  FRAC de Franche-Comté, Besançon</p>
<p>&nbsp;</p>
<h1 class="Paragraphestandard"><strong>SWING MUSEUM</strong></h1>
<p class="Paragraphestandard">&gt; 29.30.31.03.2021<b> </b> <a href="https://www.scenenationale.fr/spectacle/swing-museum%20" target="_blank" rel="noopener">Scène nationale de Bayonne</a></p>
<p>[/vc_column_text][/vc_column][/vc_row]</p>
</div>

[vc_row][vc_column width=&#8221;1/3&#8243;][vc_column_text] AKZAK SEPTEMBER &gt; 26.09.2020 CCM Jean Moulin, Limoges, FR / Les Zébrures d’Automne – Les [&hellip;]
