

{"id":1256,"date":"2015-11-28T16:03:19","date_gmt":"2015-11-28T15:03:19","guid":{"rendered":"https:\/\/www.viadanse.com\/?page_id=1256"},"modified":"2017-07-13T00:37:42","modified_gmt":"2017-07-12T23:37:42","slug":"institutional-partners","status":"publish","type":"page","link":"https:\/\/www.viadanse.com\/en\/institutional-partners\/","title":{"rendered":"Institutional Partners"},"content":{"rendered":"<div class=\"wpb-content-wrapper\"><p>[vc_row][vc_column width=&#8221;1\/1&#8243;][vc_column_text]<strong>VIADANSE, Centre chor\u00e9graphique national de Bourgogne Franche-Comt\u00e9 in Belfort receives support from :<\/strong><\/p>\n<p>\u2022\u00a0the French Ministry of Culture and Communication \u2013 the DRAC Franche-Comt\u00e9,<br \/>\n\u2022\u00a0the Regional Council of Bourgogne Franche-Comt\u00e9,<br \/>\n\u2022\u00a0the Department of the Territory of Belfort,<br \/>\n\u2022\u00a0the city of Belfort,<br \/>\n\u2022\u00a0Pays de Montb\u00e9liard Agglom\u00e9ration<br \/>\n\u2022\u00a0the French Institute[\/vc_column_text][\/vc_column][\/vc_row][vc_row][vc_column width=&#8221;1\/4&#8243;][minti_image img=&#8221;3424&#8243; align=&#8221;left&#8221; animation=&#8221;none&#8221; lightbox=&#8221;&#8221;][\/vc_column][vc_column width=&#8221;1\/4&#8243;][minti_image img=&#8221;3429&#8243; align=&#8221;left&#8221; animation=&#8221;none&#8221; lightbox=&#8221;&#8221;][\/vc_column][vc_column width=&#8221;1\/4&#8243;][minti_image img=&#8221;3428&#8243; align=&#8221;left&#8221; animation=&#8221;none&#8221; lightbox=&#8221;&#8221;][\/vc_column][vc_column width=&#8221;1\/4&#8243;][minti_image img=&#8221;3426&#8243; align=&#8221;left&#8221; animation=&#8221;none&#8221; lightbox=&#8221;&#8221;][\/vc_column][\/vc_row][vc_row][vc_column width=&#8221;1\/4&#8243;][minti_image img=&#8221;3427&#8243; align=&#8221;left&#8221; animation=&#8221;none&#8221; lightbox=&#8221;&#8221;][\/vc_column][vc_column width=&#8221;1\/4&#8243;][minti_image img=&#8221;3425&#8243; align=&#8221;left&#8221; animation=&#8221;none&#8221; lightbox=&#8221;&#8221;][\/vc_column][vc_column width=&#8221;1\/4&#8243;][minti_image img=&#8221;3423&#8243; align=&#8221;left&#8221; animation=&#8221;none&#8221; lightbox=&#8221;&#8221;][\/vc_column][\/vc_row][vc_row][vc_column width=&#8221;1\/1&#8243;][vc_column_text]VIADANSE Centre chor\u00e9graphique national de Bourgogne Franche-Comt\u00e9 in Belfort receives support from the Fonds de coop\u00e9ration between the Republic and Canton of the Jura and the Department of the Territory of Belfort for the project CIRCLE.[\/vc_column_text][\/vc_column][\/vc_row][vc_row][vc_column width=&#8221;1\/4&#8243;][minti_image img=&#8221;951&#8243; align=&#8221;left&#8221; animation=&#8221;none&#8221; lightbox=&#8221;&#8221;][\/vc_column][\/vc_row]<\/p>\n<\/div>","protected":false},"excerpt":{"rendered":"[vc_row][vc_column width=&#8221;1\/1&#8243;][vc_column_text]VIADANSE, Centre chor\u00e9graphique national de Bourgogne Franche-Comt\u00e9 in Belfort receives support from : \u2022\u00a0the French Ministry [&hellip;]","protected":false},"author":1,"featured_media":0,"parent":0,"menu_order":0,"comment_status":"open","ping_status":"open","template":"","meta":{"_acf_changed":false,"footnotes":""},"categorie-page":[],"class_list":["post-1256","page","type-page","status-publish","hentry"],"acf":[],"_links":{"self":[{"href":"https:\/\/www.viadanse.com\/en\/wp-json\/wp\/v2\/pages\/1256","targetHints":{"allow":["GET"]}}],"collection":[{"href":"https:\/\/www.viadanse.com\/en\/wp-json\/wp\/v2\/pages"}],"about":[{"href":"https:\/\/www.viadanse.com\/en\/wp-json\/wp\/v2\/types\/page"}],"author":[{"embeddable":true,"href":"https:\/\/www.viadanse.com\/en\/wp-json\/wp\/v2\/users\/1"}],"replies":[{"embeddable":true,"href":"https:\/\/www.viadanse.com\/en\/wp-json\/wp\/v2\/comments?post=1256"}],"version-history":[{"count":5,"href":"https:\/\/www.viadanse.com\/en\/wp-json\/wp\/v2\/pages\/1256\/revisions"}],"predecessor-version":[{"id":3579,"href":"https:\/\/www.viadanse.com\/en\/wp-json\/wp\/v2\/pages\/1256\/revisions\/3579"}],"wp:attachment":[{"href":"https:\/\/www.viadanse.com\/en\/wp-json\/wp\/v2\/media?parent=1256"}],"wp:term":[{"taxonomy":"categorie-page","embeddable":true,"href":"https:\/\/www.viadanse.com\/en\/wp-json\/wp\/v2\/categorie-page?post=1256"}],"curies":[{"name":"wp","href":"https:\/\/api.w.org\/{rel}","templated":true}]}}

<div class="wpb-content-wrapper"><p>[vc_row][vc_column width=&#8221;1/1&#8243;][vc_column_text]<strong>VIADANSE, Centre chorégraphique national de Bourgogne Franche-Comté in Belfort receives support from :</strong></p>
<p>• the French Ministry of Culture and Communication – the DRAC Franche-Comté,<br />
• the Regional Council of Bourgogne Franche-Comté,<br />
• the Department of the Territory of Belfort,<br />
• the city of Belfort,<br />
• Pays de Montbéliard Agglomération<br />
• the French Institute[/vc_column_text][/vc_column][/vc_row][vc_row][vc_column width=&#8221;1/4&#8243;][minti_image img=&#8221;3424&#8243; align=&#8221;left&#8221; animation=&#8221;none&#8221; lightbox=&#8221;&#8221;][/vc_column][vc_column width=&#8221;1/4&#8243;][minti_image img=&#8221;3429&#8243; align=&#8221;left&#8221; animation=&#8221;none&#8221; lightbox=&#8221;&#8221;][/vc_column][vc_column width=&#8221;1/4&#8243;][minti_image img=&#8221;3428&#8243; align=&#8221;left&#8221; animation=&#8221;none&#8221; lightbox=&#8221;&#8221;][/vc_column][vc_column width=&#8221;1/4&#8243;][minti_image img=&#8221;3426&#8243; align=&#8221;left&#8221; animation=&#8221;none&#8221; lightbox=&#8221;&#8221;][/vc_column][/vc_row][vc_row][vc_column width=&#8221;1/4&#8243;][minti_image img=&#8221;3427&#8243; align=&#8221;left&#8221; animation=&#8221;none&#8221; lightbox=&#8221;&#8221;][/vc_column][vc_column width=&#8221;1/4&#8243;][minti_image img=&#8221;3425&#8243; align=&#8221;left&#8221; animation=&#8221;none&#8221; lightbox=&#8221;&#8221;][/vc_column][vc_column width=&#8221;1/4&#8243;][minti_image img=&#8221;3423&#8243; align=&#8221;left&#8221; animation=&#8221;none&#8221; lightbox=&#8221;&#8221;][/vc_column][/vc_row][vc_row][vc_column width=&#8221;1/1&#8243;][vc_column_text]VIADANSE Centre chorégraphique national de Bourgogne Franche-Comté in Belfort receives support from the Fonds de coopération between the Republic and Canton of the Jura and the Department of the Territory of Belfort for the project CIRCLE.[/vc_column_text][/vc_column][/vc_row][vc_row][vc_column width=&#8221;1/4&#8243;][minti_image img=&#8221;951&#8243; align=&#8221;left&#8221; animation=&#8221;none&#8221; lightbox=&#8221;&#8221;][/vc_column][/vc_row]</p>
</div>

[vc_row][vc_column width=&#8221;1/1&#8243;][vc_column_text]VIADANSE, Centre chorégraphique national de Bourgogne Franche-Comté in Belfort receives support from : • the French Ministry [&hellip;]
