

{"id":1118,"date":"2015-11-14T15:46:43","date_gmt":"2015-11-14T14:46:43","guid":{"rendered":"https:\/\/www.viadanse.com\/?page_id=1118"},"modified":"2017-07-12T23:01:56","modified_gmt":"2017-07-12T22:01:56","slug":"the-barracks-of-lesperance","status":"publish","type":"page","link":"https:\/\/www.viadanse.com\/en\/the-barracks-of-lesperance\/","title":{"rendered":"The Barracks of l&#8217;Esp\u00e9rance"},"content":{"rendered":"<div class=\"wpb-content-wrapper\"><p>[vc_row][vc_column width=&#8221;1\/3&#8243;][vc_column_text]<strong>L\u2019ASSOCIATION<\/strong>[\/vc_column_text][tiret_separation][vc_column_text]Created in the early 80s by the French Ministry of Culture, the National Choreographic Centers, (CCN) were developed with support from regional authorities, and there are currently 19 of them in France.<\/p>\n<p>The Centre Chor\u00e9graphique National de Franche-Comt\u00e9 in Belfort (CCNFCB) was directed by the choreographer Odile Duboc from November 1, 1990 to December 31, 2008. During her time there, the name of her company, Contre Jour, was attached to that of the CCNFCB.<\/p>\n<p>Laurent Vinauger was the interim director of the CCNFCB, in close collaboration with Marcelle Bonjour, President of the Association, until Joanne Leighton was named director on May 7, 2010, and Anita Weber was named President.<\/p>\n<p>On March 1, 2015, the Centre chor\u00e9graphique national de Franche-Comt\u00e9 in Belfort welcomed H\u00e9la Fattoumi and \u00c9ric Lamoureux, named directors of the CCNFCB by Fleur Pellerin, the French Minister of culture and communication, and Thierry Jopeck was named the new President of the Association. The new directors then associated the name of their project VIADANSE to the Centre chor\u00e9graphique national de Franche-Comt\u00e9 in Belfort for the duration of their term.[\/vc_column_text][\/vc_column][vc_column width=&#8221;1\/3&#8243;][vc_column_text]<strong>3 AVENUE DE L\u2019ESP\u00c9RANCE<\/strong>[\/vc_column_text][tiret_separation][vc_column_text]The former barracks of l\u2019Esp\u00e9rance, which were entirely renovated, has housed the Centre Chor\u00e9graphique National de Franche-Comt\u00e9 in Belfort since September 1995.<\/p>\n<p>The work was conceived by the architect Bernard Reichen and by Odile Duboc and Fran\u00e7oise Michel.<\/p>\n<p>It is equipped with a wide range of resources for all fields linked to choreographic creation (set design, lighting, sound, costumes), and offers the choreographers working there conditions ideal for the creation of a work in its entirety.<\/p>\n<p>Its creation studio which is identical to a stage in a theatre, amply sized and with full scenic capacities make it an exemplary tool for choreographic and design research, a space devoted to dance, quite unique in France.[\/vc_column_text][\/vc_column][vc_column width=&#8221;1\/3&#8243;][vc_column_text]<strong>PRACTICALITIES<\/strong>[\/vc_column_text][tiret_separation][vc_column_text]<strong>The Odile Duboc space (ground floor) \u2013 equipped with scenic materials<\/strong><br \/>\n<strong>Stage spex:<\/strong><br \/>\nDepth from downstage\/ upstage: 15 m (50\u2019)<br \/>\nOpening wall to wall: 18,80 m (61.5\u2019)<br \/>\nHeight under catwalks: 8,20 m (27\u2019)<br \/>\nCapacity : 154 spectators seated on chairs on retractable bleachers<\/p>\n<p><strong>Studio (2nd floor.)<\/strong><br \/>\nSurface 135 m2 (1435 square ft)<br \/>\nCapacity: 50 people[\/vc_column_text][\/vc_column][\/vc_row]<\/p>\n<\/div>","protected":false},"excerpt":{"rendered":"[vc_row][vc_column width=&#8221;1\/3&#8243;][vc_column_text]L\u2019ASSOCIATION[\/vc_column_text][tiret_separation][vc_column_text]Created in the early 80s by the French Ministry of Culture, the National Choreographic Centers, (CCN) [&hellip;]","protected":false},"author":1,"featured_media":3249,"parent":0,"menu_order":0,"comment_status":"open","ping_status":"open","template":"","meta":{"_acf_changed":false,"footnotes":""},"categorie-page":[],"class_list":["post-1118","page","type-page","status-publish","has-post-thumbnail","hentry"],"acf":[],"_links":{"self":[{"href":"https:\/\/www.viadanse.com\/en\/wp-json\/wp\/v2\/pages\/1118","targetHints":{"allow":["GET"]}}],"collection":[{"href":"https:\/\/www.viadanse.com\/en\/wp-json\/wp\/v2\/pages"}],"about":[{"href":"https:\/\/www.viadanse.com\/en\/wp-json\/wp\/v2\/types\/page"}],"author":[{"embeddable":true,"href":"https:\/\/www.viadanse.com\/en\/wp-json\/wp\/v2\/users\/1"}],"replies":[{"embeddable":true,"href":"https:\/\/www.viadanse.com\/en\/wp-json\/wp\/v2\/comments?post=1118"}],"version-history":[{"count":4,"href":"https:\/\/www.viadanse.com\/en\/wp-json\/wp\/v2\/pages\/1118\/revisions"}],"predecessor-version":[{"id":1205,"href":"https:\/\/www.viadanse.com\/en\/wp-json\/wp\/v2\/pages\/1118\/revisions\/1205"}],"wp:featuredmedia":[{"embeddable":true,"href":"https:\/\/www.viadanse.com\/en\/wp-json\/wp\/v2\/media\/3249"}],"wp:attachment":[{"href":"https:\/\/www.viadanse.com\/en\/wp-json\/wp\/v2\/media?parent=1118"}],"wp:term":[{"taxonomy":"categorie-page","embeddable":true,"href":"https:\/\/www.viadanse.com\/en\/wp-json\/wp\/v2\/categorie-page?post=1118"}],"curies":[{"name":"wp","href":"https:\/\/api.w.org\/{rel}","templated":true}]}}

The Barracks of l&#8217;Espérance

<div class="wpb-content-wrapper"><p>[vc_row][vc_column width=&#8221;1/3&#8243;][vc_column_text]<strong>L’ASSOCIATION</strong>[/vc_column_text][tiret_separation][vc_column_text]Created in the early 80s by the French Ministry of Culture, the National Choreographic Centers, (CCN) were developed with support from regional authorities, and there are currently 19 of them in France.</p>
<p>The Centre Chorégraphique National de Franche-Comté in Belfort (CCNFCB) was directed by the choreographer Odile Duboc from November 1, 1990 to December 31, 2008. During her time there, the name of her company, Contre Jour, was attached to that of the CCNFCB.</p>
<p>Laurent Vinauger was the interim director of the CCNFCB, in close collaboration with Marcelle Bonjour, President of the Association, until Joanne Leighton was named director on May 7, 2010, and Anita Weber was named President.</p>
<p>On March 1, 2015, the Centre chorégraphique national de Franche-Comté in Belfort welcomed Héla Fattoumi and Éric Lamoureux, named directors of the CCNFCB by Fleur Pellerin, the French Minister of culture and communication, and Thierry Jopeck was named the new President of the Association. The new directors then associated the name of their project VIADANSE to the Centre chorégraphique national de Franche-Comté in Belfort for the duration of their term.[/vc_column_text][/vc_column][vc_column width=&#8221;1/3&#8243;][vc_column_text]<strong>3 AVENUE DE L’ESPÉRANCE</strong>[/vc_column_text][tiret_separation][vc_column_text]The former barracks of l’Espérance, which were entirely renovated, has housed the Centre Chorégraphique National de Franche-Comté in Belfort since September 1995.</p>
<p>The work was conceived by the architect Bernard Reichen and by Odile Duboc and Françoise Michel.</p>
<p>It is equipped with a wide range of resources for all fields linked to choreographic creation (set design, lighting, sound, costumes), and offers the choreographers working there conditions ideal for the creation of a work in its entirety.</p>
<p>Its creation studio which is identical to a stage in a theatre, amply sized and with full scenic capacities make it an exemplary tool for choreographic and design research, a space devoted to dance, quite unique in France.[/vc_column_text][/vc_column][vc_column width=&#8221;1/3&#8243;][vc_column_text]<strong>PRACTICALITIES</strong>[/vc_column_text][tiret_separation][vc_column_text]<strong>The Odile Duboc space (ground floor) – equipped with scenic materials</strong><br />
<strong>Stage spex:</strong><br />
Depth from downstage/ upstage: 15 m (50’)<br />
Opening wall to wall: 18,80 m (61.5’)<br />
Height under catwalks: 8,20 m (27’)<br />
Capacity : 154 spectators seated on chairs on retractable bleachers</p>
<p><strong>Studio (2nd floor.)</strong><br />
Surface 135 m2 (1435 square ft)<br />
Capacity: 50 people[/vc_column_text][/vc_column][/vc_row]</p>
</div>
